at is -2202 + -11110220002?
-11110222211
In base 10, what is 3 + -64350?
-64347
In base 6, what is -2 - 4411201?
-4411203
In base 3, what is -1120112 + 221?
-1112121
In base 14, what is 5 - -1bd993?
1bd998
In base 12, what is 23a4 - -2?
23a6
In base 14, what is -531 - -a?
-525
In base 9, what is 188 + 146?
345
In base 7, what is -2561 - -504?
-2054
In base 3, what is -2 - 10220101?
-10220110
In base 2, what is 1001111 + -110010?
11101
In base 4, what is -31 - -113000?
112303
In base 12, what is -3b4a2 + 2?
-3b4a0
In base 10, what is -1904 - -99?
-1805
In base 16, what is 4 + 14069?
1406d
In base 12, what is -a11 + -62?
-a73
In base 5, what is -344 - 120434?
-121333
In base 6, what is 35 - -1205?
1244
In base 5, what is 1112220 - -3?
1112223
In base 8, what is 12063 - 1?
12062
In base 12, what is 13190 + -3?
13189
In base 14, what is 39 - -1677?
16b2
In base 9, what is 1320 - -563?
1883
In base 5, what is 2 + -43432?
-43430
In base 5, what is 3240230 - 3?
3240222
In base 14, what is 2 + 103b?
103d
In base 16, what is 4 + -b1b?
-b17
In base 9, what is -3 + -105551?
-105554
In base 12, what is 1 + -38b?
-38a
In base 10, what is -21378 - 22?
-21400
In base 10, what is 5040 - -176?
5216
In base 13, what is 155b9 - 73?
15546
In base 2, what is 1011011 + -110001110110?
-110000011011
In base 12, what is -7 - 158785?
-158790
In base 12, what is -2 - -7987?
7985
In base 9, what is 6455 - -173?
6638
In base 7, what is 54056 + 150?
54236
In base 15, what is -2 - -317b4?
317b2
In base 11, what is -2 + 98341?
9833a
In base 13, what is -7 + 28428?
28421
In base 8, what is -274 + 13?
-261
In base 8, what is -21 + -63636?
-63657
In base 12, what is -b1a7 + -11?
-b1b8
In base 15, what is -96 - -17?
-7e
In base 2, what is -101001111110001111011 - 100?
-101001111110001111111
In base 15, what is 5d - -6d6?
744
In base 15, what is -4 - -190e?
190a
In base 9, what is -1050041 - -4?
-1050036
In base 2, what is 101 - 11111010100110?
-11111010100001
In base 2, what is -101 + 110101111111100?
110101111110111
In base 9, what is 3 + -108357?
-108354
In base 6, what is 4 + -13001002?
-13000554
In base 9, what is -37635 - -8?
-37626
In base 15, what is -7 + -8e9?
-901
In base 2, what is 110 - 11111101110000011011?
-11111101110000010101
In base 13, what is 8ca + -16?
8b4
In base 12, what is -5 - 11182b?
-111834
In base 11, what is -13006 + 52?
-12a64
In base 16, what is -4 + 14c414?
14c410
In base 7, what is 242 + 2350?
2622
In base 16, what is -2 + 18bcd?
18bcb
In base 8, what is 1453360 + 4?
1453364
In base 7, what is -1525 - 2246?
-4104
In base 9, what is 32 - -263844?
263876
In base 7, what is 3 - 60623?
-60620
In base 3, what is -21202 + 10010222?
2212020
In base 4, what is -1302300 + -1?
-1302301
In base 14, what is -562d + 3?
-562a
In base 7, what is -4 + 2325023?
2325016
In base 4, what is -10 + 200100230?
200100220
In base 4, what is -1031 - -122303?
121212
In base 6, what is 2154 - 35015?
-32421
In base 11, what is -24aa8 - 2?
-24aaa
In base 13, what is -c2 - 1318?
-140a
In base 14, what is -51 + -63a2?
-6413
In base 16, what is -2a7723 - 0?
-2a7723
In base 10, what is -49 - 2?
-51
In base 13, what is 69c2 - -1?
69c3
In base 4, what is 2113 - -222032?
230211
In base 10, what is 13 - -74099?
74112
In base 6, what is 4 + 1120212?
1120220
In base 3, what is -2 - 2212122012?
-2212122021
In base 7, what is -123450 + 3?
-123444
In base 2, what is -11 - 1010000100100000011?
-1010000100100000110
In base 7, what is -144 - 35?
-212
In base 15, what is 28a9 - -3?
28ac
In base 14, what is -3b - 1320?
-135b
In base 16, what is 3 - 23bca?
-23bc7
In base 14, what is -584 - 8?
-58c
In base 14, what is -81983 + -3?
-81986
In base 10, what is 4 + -167716?
-167712
In base 2, what is -11001011001000 + 110010?
-11001010010110
In base 16, what is 5 - 92261?
-9225c
In base 8, what is 246756 + -6?
246750
In base 5, what is -2044 + 2323?
224
In base 3, what is 20 + -111100121?
-111100101
In base 5, what is -14 - -212203?
212134
In base 9, what is -33 + 31821?
31777
In base 6, what is 1 + -1312510?
-1312505
In base 11, what is -3 - -857766?
857763
In base 10, what is 511005 + -5?
511000
In base 11, what is 7627 + 54?
7680
In base 14, what is -165a0b + -1?
-165a0c
In base 9, what is 104 + -31223?
-31118
In base 13, what is -93 + 354?
291
In base 6, what is -42 + 5504?
5422
In base 14, what is -81 + 214?
173
In base 7, what is -13 - 165022?
-165035
In base 2, what is -101 + 110001000001?
110000111100
In base 13, what is 5 - 29ac?
-29a7
In base 4, what is 233 + 10132012?
10132311
In base 12, what is -2 - -53426?
53424
In base 8, what is -464 + 203?
-261
In base 2, what is 100110110110 + -1?
100110110101
In base 16, what is 107 - 19?
ee
In base 11, what is 101 - 1806?
-1705
In base 8, what is 1 - -100336?
100337
In base 11, what is -8a5 - 10?
-905
In base 15, what is -174 + -1a2e?
-1ba3
In base 14, what is -45d99 + 1?
-45d98
In base 9, what is -45252 + -5?
-45257
In base 16, what is -1711 - -4?
-170d
In base 16, what is -30 + 157c?
154c
In base 11, what is -a8 - -9995?
9898
In base 14, what is 870 + a77?
1507
In base 4, what is 1020 - 12131?
-11111
In base 2, what is 1011001011010101011000 + 1?
1011001011010101011001
In base 11, what is a - -19494?
194a3
In base 6, what is -354 - 105420?
-110214
In base 3, what is -11 - -112210220?
112210202
In base 6, what is -142553 + 1531?
-141022
In base 4, what is -21203132012 + -2?
-21203132020
In base 12, what is -3 - 1425b7?
-1425ba
In base 13, what is -6 - 1b1?
-1b7
In base 8, what is -1 - -21703?
21702
In base 10, what is 267 + 1435?
1702
In base 15, what is -800d + 5?
-8008
In base 10, what is -295 + 297?
2
In base 10, what is 581 + 45?
626
In base 2, what is 1111 + -10100010101010?
-10100010011011
In base 5, what is -4110211 - -1?
-4110210
In base 5, what is -1133322 - 241?
-1134113
In base 2, what is -10001 - 1001111110010?
-1010000000011
In base 13, what is c - 3897?
-3888
In base 11, what is -13a - 145?
-284
In base 14, what is 3101 - 2?
30dd
In base 7, what is 3126 - 43?
3053
In base 4, what is -122 + 131203132?
131203010
In base 9, what is 446 - 185?
251
In base 6, what is -41253 + 0?
-41253
In base 15, what is -1 + -3c3?
-3c4
In base 16, what is 2 - 1e23a?
-1e238
In base 9, what is 1678476 + -4?
1678472
In base 7, what is 46525 - 23?
46502
In base 14, what is 7 - -863d?
8646
In base 2, what is -11010110001 + -1100001?
-11100010010
In base 13, what is -1152b + 37?
-114c4
In base 8, what is -12275 - 30?
-12325
In base 13, what is -53 - 85c?
-8b2
In base 14, what is -5421a - -3?
-54217
In base 15, what is -ec8d - 5?
-ec93
In base 6, what is -250353 - 3?
-250400
In base 16, what is 30d67 - 3?
30d64
In base 15, what is -17a + -303?
-47d
In base 8, what is -56 + 25465?
25407
In base 2, what is -10000111101100101 - -11?
-10000111101100010
In base 5, what is 101210 - 44?
101111
In base 13, what is 2197 + 218?
23b2
In base 10, what is -3573 - -3?
-3570
In base 4, what is -3201102 + -13?
-3201121
In base 5, what is 3 - 30231341?
-30231333
In base 7, what is -1215 + 2?
-1213
In base 10, what is -35 - 10765?
-10800
In base 9, what is 128671 + 1?
128672
In base 10, what is -402 + 1755?
1353
In base 6, what is -4 - 4530?
-4534
In base 7, what is -1 - 115304?
-115305
In base 2, what is 1100000111 + -11100011100?
-10000010101
In base 6, what is -10 - 323211?
-323221
In base 7, what is 12242 - -5?
12250
In base 7, what is 525464 - -22?
525516
In base 2, what is -10 + -11111001001010?
-11111001001100
In base 12, what is 38 + 21052?
2108a
In base 4, what is -112010 - -123?
-111221
In base 8, what is 770 + -71?
677
In base 8, what is -2 - 31167?
-31171
In base 10, what is -93 - -21392?
21299
In base 11, what is 0 - 6a9490?
-6a9490
In base 11, what is -16 - -5278?
5262
In base 12, what is 109 - 79?
50
In base 11, what is -6a9a37 + 5?
-6a9a32
In base 11, what is 5 - 39462?
-39458
In base 9, what is -3 + -10163?
-10166
In base 14, what is 215 - 45?
1b0
In base 8, what is -304 - -10040?
7534
In base 9, what is 2026 + 364?
2401
In base 12, what is -8 - 1783?
-178b
In base 6, what is -123 + 344?
221
In base 6, what is 224525 + 1?
224530
In base 14, what is 25 - 1b27?
-1b02
In base 11, what is -80 - a02?
-a82
In base 5, what is 1023212 - 0?
1023212
In base 15, what